{"id":8059,"date":"2022-10-04T10:19:29","date_gmt":"2022-10-04T08:19:29","guid":{"rendered":"https:\/\/genderaveda.cz\/?page_id=8059"},"modified":"2024-11-05T14:12:35","modified_gmt":"2024-11-05T13:12:35","slug":"nase-sluzby","status":"publish","type":"page","link":"https:\/\/genderaveda.cz\/en\/safe-and-respectful-environment\/nase-sluzby\/","title":{"rendered":"Na\u0161e slu\u017eby"},"content":{"rendered":"\n<p><strong>Na\u0161e slu\u017eby jsou zalo\u017een\u00e9 na v\u011bdeck\u00fdch poznatc\u00edch. \u00dazce spolupracujeme s akademick\u00fdmi institucemi, \u0160kolskou ombudsmanskou platformou a studentsk\u00fdmi spolky, s c\u00edlem vytv\u00e1\u0159et spole\u010dn\u011b bezpe\u010dn\u00e9 a respektuj\u00edc\u00ed pracovn\u00ed a studijn\u00ed prost\u0159ed\u00ed.<\/strong><\/p>\n\n\n\n<h4 class=\"wp-block-heading\"><strong>Vysok\u00fdm \u0161kol\u00e1m a v\u00fdzkumn\u00fdm instituc\u00edm nab\u00edz\u00edme:<\/strong><\/h4>\n\n\n\n<ul class=\"wp-block-list\">\n<li><a href=\"https:\/\/genderaveda.cz\/skoleni-nkc-gender-a-veda\/?_thumbnail_id=10168\" target=\"_blank\" rel=\"noreferrer noopener\">workshopy a \u0161kolen\u00ed\u00a0<\/a><\/li>\n\n\n\n<li><a href=\"https:\/\/genderaveda.cz\/plany-genderove-rovnosti-geps\/kpz\/\" target=\"_blank\" rel=\"noreferrer noopener\">konzultace\u00a0<\/a><\/li>\n\n\n\n<li><a href=\"https:\/\/genderaveda.cz\/en\/safe-and-respectful-environment\/model-7p\/\" target=\"_blank\" rel=\"noreferrer noopener\">n\u00e1stroje<\/a><\/li>\n\n\n\n<li><a href=\"https:\/\/genderaveda.cz\/plany-genderove-rovnosti\/skolici-modul\/\" target=\"_blank\" rel=\"noreferrer noopener\">e-learning<\/a><\/li>\n<\/ul>\n\n\n\n<p>V p\u0159\u00edpad\u011b jak\u00fdchkoliv dotaz\u016f, nebo pokud chcete sjednat konzultaci, workshop nebo \u0161kolen\u00ed, n\u00e1s kontaktujte na <a href=\"mailto:gpn@soc.cas.cz\">gpn@soc.cas.cz<\/a>.<\/p>\n\n\n\n<h4 class=\"wp-block-heading\"><strong>Akce k t\u00e9matu genderov\u011b podm\u00edn\u011bn\u00e9ho n\u00e1sil\u00ed:<\/strong><\/h4>\n\n\n\n<p>Uskute\u010dn\u011bn\u00e9 akce:<\/p>\n\n\n\n<p><\/p>\n\n\n\n<ul class=\"wp-block-list\">\n<li><a href=\"https:\/\/genderaveda.cz\/8-narodni-konference-je-za-nami\/\" target=\"_blank\" rel=\"noreferrer noopener\">N\u00e1rodn\u00ed konference o genderu a v\u011bd\u011b: \u201eSoci\u00e1ln\u00ed bezpe\u010d\u00ed: Od opat\u0159en\u00ed k akci\u201d<\/a><\/li>\n\n\n\n<li><a href=\"https:\/\/genderaveda.cz\/usporadali-jsme-pilotni-skoleni-zamerene-na-reseni-genderove-podmineneho-nasili-v-akademickem-prostredi\/\" target=\"_blank\" rel=\"noreferrer noopener\">Pilotn\u00ed \u0161kolen\u00ed pro ombudsosoby zam\u011b\u0159en\u00e9 na \u0159e\u0161en\u00ed genderov\u011b podm\u00edn\u011bn\u00e9ho n\u00e1sil\u00ed v akademick\u00e9m prost\u0159ed\u00ed, 2. \u010dervna 2023<\/a><\/li>\n\n\n\n<li><a href=\"https:\/\/enohe-annual-conference-2023.cuni.cz\/EAC-57.html\" target=\"_blank\" rel=\"noreferrer noopener\">18. ro\u010dn\u00edk evropsk\u00e9 ombudmsmansk\u00e9 konference ENOHE, 14-16. kv\u011btna 2023<\/a><\/li>\n\n\n\n<li><a href=\"https:\/\/genderaveda.cz\/akce\/jak-delat-studentsky-aktivismus-a-neumrit\/\" target=\"_blank\" rel=\"noreferrer noopener\">Workshop pro studentsk\u00e9 spolky \u0159e\u0161\u00edc\u00ed GPN na univerzit\u00e1ch, 22. b\u0159ezna 2023<\/a><\/li>\n\n\n\n<li><a href=\"https:\/\/www.famu.cz\/cs\/4090\/\" target=\"_blank\" rel=\"noreferrer noopener\">Kolokvium \u0160kolsk\u00e9 ombudsmansk\u00e9 platformy na t\u00e9ma Profesn\u00ed identita a principy fungov\u00e1n\u00ed ombudsosob, 27. ledna 2023<\/a><\/li>\n\n\n\n<li><a href=\"http:\/\/gbv2022.soc.cas.cz\/\" target=\"_blank\" rel=\"noreferrer noopener\">Mezin\u00e1rodn\u00ed konference k t\u00e9matu genderov\u011b podm\u00edn\u011bn\u00e9ho n\u00e1sil\u00ed v akademick\u00e9 sf\u00e9\u0159e, 24.-25. listopadu 2022<\/a><\/li>\n\n\n\n<li><a href=\"https:\/\/genderaveda.cz\/akce\/prvni-setkani-nkc-s-univerzitnimi-spolky-a-iniciativami-prineslo-radu-dulezitych-podnetu-do-diskuze-o-bezpeci-a-respektu-na-vysokych-skolach\/\" target=\"_blank\" rel=\"noreferrer noopener\">Prvn\u00ed setk\u00e1n\u00ed NKC s univerzitn\u00edmi spolky a iniciativami , 14. \u0159\u00edjna 2022<\/a><\/li>\n\n\n\n<li><a href=\"https:\/\/genderaveda.cz\/akce\/jak-na-bezpecnejsi-univerzity-na-ministerstvu-skolstvi-probehla-diskuze-o-sexualnim-obtezovani-na-vysokych-skolach\/\" target=\"_blank\" rel=\"noreferrer noopener\">Diskuze o sexu\u00e1ln\u00edm obt\u011b\u017eov\u00e1n\u00ed na vysok\u00fdch \u0161kol\u00e1ch na M\u0160MT, 4. \u0159\u00edjna 2022<\/a><\/li>\n<\/ul>\n\n\n\n<p><\/p>\n","protected":false},"excerpt":{"rendered":"<p>Na\u0161e slu\u017eby jsou zalo\u017een\u00e9 na v\u011bdeck\u00fdch poznatc\u00edch. \u00dazce spolupracujeme s akademick\u00fdmi institucemi, \u0160kolskou ombudsmanskou platformou a studentsk\u00fdmi spolky, s c\u00edlem vytv\u00e1\u0159et spole\u010dn\u011b bezpe\u010dn\u00e9 a respektuj\u00edc\u00ed pracovn\u00ed a studijn\u00ed prost\u0159ed\u00ed. Vysok\u00fdm \u0161kol\u00e1m a v\u00fdzkumn\u00fdm instituc\u00edm nab\u00edz\u00edme: V p\u0159\u00edpad\u011b jak\u00fdchkoliv dotaz\u016f, nebo pokud chcete sjednat konzultaci, workshop nebo \u0161kolen\u00ed, n\u00e1s kontaktujte na gpn@soc.cas.cz. Akce k t\u00e9matu genderov\u011b podm\u00edn\u011bn\u00e9ho n\u00e1sil\u00ed: Uskute\u010dn\u011bn\u00e9 akce:<\/p>\n","protected":false},"author":2,"featured_media":8135,"parent":8004,"menu_order":0,"comment_status":"closed","ping_status":"closed","template":"","meta":{"_acf_changed":false,"_eb_attr":"","footnotes":""},"class_list":["post-8059","page","type-page","status-publish","has-post-thumbnail","hentry"],"acf":[],"_links":{"self":[{"href":"https:\/\/genderaveda.cz\/en\/wp-json\/wp\/v2\/pages\/8059","targetHints":{"allow":["GET"]}}],"collection":[{"href":"https:\/\/genderaveda.cz\/en\/wp-json\/wp\/v2\/pages"}],"about":[{"href":"https:\/\/genderaveda.cz\/en\/wp-json\/wp\/v2\/types\/page"}],"author":[{"embeddable":true,"href":"https:\/\/genderaveda.cz\/en\/wp-json\/wp\/v2\/users\/2"}],"replies":[{"embeddable":true,"href":"https:\/\/genderaveda.cz\/en\/wp-json\/wp\/v2\/comments?post=8059"}],"version-history":[{"count":21,"href":"https:\/\/genderaveda.cz\/en\/wp-json\/wp\/v2\/pages\/8059\/revisions"}],"predecessor-version":[{"id":11659,"href":"https:\/\/genderaveda.cz\/en\/wp-json\/wp\/v2\/pages\/8059\/revisions\/11659"}],"up":[{"embeddable":true,"href":"https:\/\/genderaveda.cz\/en\/wp-json\/wp\/v2\/pages\/8004"}],"wp:featuredmedia":[{"embeddable":true,"href":"https:\/\/genderaveda.cz\/en\/wp-json\/wp\/v2\/media\/8135"}],"wp:attachment":[{"href":"https:\/\/genderaveda.cz\/en\/wp-json\/wp\/v2\/media?parent=8059"}],"curies":[{"name":"wp","href":"https:\/\/api.w.org\/{rel}","templated":true}]}}

Naše služby

<p><strong>Naše služby jsou založené na vědeckých poznatcích. Úzce spolupracujeme s akademickými institucemi, Školskou ombudsmanskou platformou a studentskými spolky, s cílem vytvářet společně bezpečné a respektující pracovní a studijní prostředí.</strong></p>



<h4 class="wp-block-heading"><strong>Vysokým školám a výzkumným institucím nabízíme:</strong></h4>



<ul class="wp-block-list">
<li><a href="https://genderaveda.cz/skoleni-nkc-gender-a-veda/?_thumbnail_id=10168" target="_blank" rel="noreferrer noopener">workshopy a školení </a></li>



<li><a href="https://genderaveda.cz/plany-genderove-rovnosti-geps/kpz/" target="_blank" rel="noreferrer noopener">konzultace </a></li>



<li><a href="https://genderaveda.cz/en/safe-and-respectful-environment/model-7p/" target="_blank" rel="noreferrer noopener">nástroje</a></li>



<li><a href="https://genderaveda.cz/plany-genderove-rovnosti/skolici-modul/" target="_blank" rel="noreferrer noopener">e-learning</a></li>
</ul>



<p>V případě jakýchkoliv dotazů, nebo pokud chcete sjednat konzultaci, workshop nebo školení, nás kontaktujte na <a href="mailto:gpn@soc.cas.cz">gpn@soc.cas.cz</a>.</p>



<h4 class="wp-block-heading"><strong>Akce k tématu genderově podmíněného násilí:</strong></h4>



<p>Uskutečněné akce:</p>



<p></p>



<ul class="wp-block-list">
<li><a href="https://genderaveda.cz/8-narodni-konference-je-za-nami/" target="_blank" rel="noreferrer noopener">Národní konference o genderu a vědě: „Sociální bezpečí: Od opatření k akci”</a></li>



<li><a href="https://genderaveda.cz/usporadali-jsme-pilotni-skoleni-zamerene-na-reseni-genderove-podmineneho-nasili-v-akademickem-prostredi/" target="_blank" rel="noreferrer noopener">Pilotní školení pro ombudsosoby zaměřené na řešení genderově podmíněného násilí v akademickém prostředí, 2. června 2023</a></li>



<li><a href="https://enohe-annual-conference-2023.cuni.cz/EAC-57.html" target="_blank" rel="noreferrer noopener">18. ročník evropské ombudmsmanské konference ENOHE, 14-16. května 2023</a></li>



<li><a href="https://genderaveda.cz/akce/jak-delat-studentsky-aktivismus-a-neumrit/" target="_blank" rel="noreferrer noopener">Workshop pro studentské spolky řešící GPN na univerzitách, 22. března 2023</a></li>



<li><a href="https://www.famu.cz/cs/4090/" target="_blank" rel="noreferrer noopener">Kolokvium Školské ombudsmanské platformy na téma Profesní identita a principy fungování ombudsosob, 27. ledna 2023</a></li>



<li><a href="http://gbv2022.soc.cas.cz/" target="_blank" rel="noreferrer noopener">Mezinárodní konference k tématu genderově podmíněného násilí v akademické sféře, 24.-25. listopadu 2022</a></li>



<li><a href="https://genderaveda.cz/akce/prvni-setkani-nkc-s-univerzitnimi-spolky-a-iniciativami-prineslo-radu-dulezitych-podnetu-do-diskuze-o-bezpeci-a-respektu-na-vysokych-skolach/" target="_blank" rel="noreferrer noopener">První setkání NKC s univerzitními spolky a iniciativami , 14. října 2022</a></li>



<li><a href="https://genderaveda.cz/akce/jak-na-bezpecnejsi-univerzity-na-ministerstvu-skolstvi-probehla-diskuze-o-sexualnim-obtezovani-na-vysokych-skolach/" target="_blank" rel="noreferrer noopener">Diskuze o sexuálním obtěžování na vysokých školách na MŠMT, 4. října 2022</a></li>
</ul>



<p></p>

<p>Naše služby jsou založené na vědeckých poznatcích. Úzce spolupracujeme s akademickými institucemi, Školskou ombudsmanskou platformou a studentskými spolky, s cílem vytvářet společně bezpečné a respektující pracovní a studijní prostředí. Vysokým školám a výzkumným institucím nabízíme: V případě jakýchkoliv dotazů, nebo pokud chcete sjednat konzultaci, workshop nebo školení, nás kontaktujte na gpn@soc.cas.cz. Akce k tématu genderově podmíněného násilí: Uskutečněné akce:</p>
